{"id":686,"date":"2021-02-01T09:46:12","date_gmt":"2021-02-01T09:46:12","guid":{"rendered":"https:\/\/fidesmv.es\/?page_id=686"},"modified":"2024-10-29T07:35:15","modified_gmt":"2024-10-29T07:35:15","slug":"cookie-richtlinie","status":"publish","type":"page","link":"https:\/\/fidesmv.es\/?page_id=686&lang=de","title":{"rendered":"Cookie-Richtlinie"},"content":{"rendered":"<p>[et_pb_section fb_built=\u00bb1&#8243; _builder_version=\u00bb4.16&#8243; _module_preset=\u00bbdefault\u00bb global_colors_info=\u00bb{}\u00bb][et_pb_row _builder_version=\u00bb4.16&#8243; _module_preset=\u00bbdefault\u00bb global_colors_info=\u00bb{}\u00bb][et_pb_column type=\u00bb4_4&#8243; _builder_version=\u00bb4.16&#8243; _module_preset=\u00bbdefault\u00bb global_colors_info=\u00bb{}\u00bb][et_pb_text _builder_version=\u00bb4.17.4&#8243; _module_preset=\u00bbdefault\u00bb custom_padding=\u00bb|70px||50px|false|false\u00bb custom_padding_tablet=\u00bb\u00bb custom_padding_phone=\u00bb|0px||0px|false|true\u00bb custom_padding_last_edited=\u00bbon|phone\u00bb locked=\u00bboff\u00bb global_colors_info=\u00bb{}\u00bb]<\/p>\n<h1>Cookie-Richtlinie<\/h1>\n<p>&nbsp;<\/p>\n<p><strong>Bestimmungen zur Verwendung von Cookies<\/strong><br \/>Diese Cookie-Richtlinie ist ein integraler Bestandteil der rechtlichen Hinweise und der Datenschutzrichtlinie von <strong>FIDES AUDIT ASSURANCE, S.L.<\/strong> Der Zugriff und die Navigation auf der Website oder die Nutzung ihrer Dienste setzen die Annahme der in unseren rechtlichen Hinweisen festgelegten Allgemeinen Bedingungen (und damit der Datenschutzrichtlinie und der Cookie-Richtlinie) voraus. Bitte lesen Sie diese sorgf\u00e4ltig durch.<br \/>Wir danken Ihnen, dass Sie sich entschieden haben, uns zu besuchen. Wir m\u00f6chten, dass Ihre Erfahrung auf der Website so gut wie m\u00f6glich ist, und aus diesem Grund haben wir diese Cookie-Richtlinie so transparent wie m\u00f6glich geschrieben.<\/p>\n<p><strong>Was ist ein Cookie?<\/strong><br \/>Cookies sind Dateien, die kleine Informationsmengen enthalten, die auf das Ger\u00e4t des Benutzers heruntergeladen werden, das beim Besuch einer Website verwendet wird. Sein Hauptzweck besteht darin, den Benutzer bei jedem Zugriff auf www.fidesmv.es wiederzuerkennen, und erm\u00f6glicht es uns auch, die Qualit\u00e4t und Benutzerfreundlichkeit unserer Website zu verbessern.<br \/>Cookies sind f\u00fcr das Funktionieren des Internets unerl\u00e4sslich; Sie k\u00f6nnen die Ausr\u00fcstung\/das Ger\u00e4t des Benutzers nicht besch\u00e4digen und, wenn sie in den Einstellungen Ihres Browsers aktiviert sind, helfen sie uns, m\u00f6gliche Fehler beim Betrieb von www.fidesmv.es zu erkennen und zu beheben<\/p>\n<p><strong>Arten von Cookies<\/strong><br \/>Es gibt verschiedene Arten von Cookies. Sie funktionieren alle gleich, haben aber kleine Unterschiede:<br \/>\u2022<span> <\/span><strong>Sitzungscookies<\/strong>. Sitzungscookies bestehen nur f\u00fcr die Dauer Ihres Besuchs und werden gel\u00f6scht, wenn Sie Ihren Browser schlie\u00dfen. Sein Hauptzweck besteht darin, den Ger\u00e4tetyp zu identifizieren, die Sicherheit der Website oder ihre Grundfunktionalit\u00e4t zu unterst\u00fctzen. Sie enthalten keine personenbezogenen Daten, die es uns erm\u00f6glichen, eine Person zu identifizieren.<br \/>\u2022<span> <\/span><strong>Best\u00e4ndige oder permanente Cookies<\/strong>. Sie werden auf der Festplatte des Ger\u00e4ts gespeichert und unsere Website liest sie jedes Mal, wenn Sie www.fidesmv.es erneut besuchen; Es hat ein bestimmtes Ablauf- oder Verfallsdatum, nach dem das Cookie nicht mehr funktioniert. Sie erm\u00f6glichen es uns, Ihre Handlungen und Pr\u00e4ferenzen zu identifizieren; Analysieren Sie Besuche und helfen Sie uns zu verstehen, wie Benutzer unsere Seite erreichen, und verbessern Sie unsere Dienste.<br \/>\u2022<span> <\/span><strong>Funktions-Cookies<\/strong>. Sie erm\u00f6glichen es www.fidesmv.es, sich an vom Benutzer getroffene Entscheidungen zu erinnern, wie z. B. sein Login oder seine Kennung.<br \/>Die Informationen, die diese Cookies sammeln, sind anonymisiert (d. h. sie enthalten nicht Ihren Namen, Ihre Adresse oder andere Daten).<br \/>\u2022<span> <\/span><strong>Cookies von Drittanbietern<\/strong>. Cookies von Drittanbietern sind Cookies, die von einer Website installiert werden, die nicht die ist, die Sie besuchen; B. solche, die von sozialen Netzwerken (wie Facebook) oder von Plugins f\u00fcr externe Inhalte (wie Google Maps) verwendet werden. Au\u00dferdem verwenden einige Werbeunternehmen diese Art von Dateien, um Ihre Besuche auf jeder Website zu verfolgen, auf der sie werben.<br \/>\u2022<span> <\/span><strong>Analytische Cookies<\/strong>. Es handelt sich um Cookies, deren Zweck die regelm\u00e4\u00dfige Wartung ist und um dem Benutzer die beste Funktion und den besten Service zu garantieren; Sammeln von Daten aus Ihrer Aktivit\u00e4t.<\/p>\n<p><strong>Verwendung von Cookies durch www.fidesmv.es<\/strong><br \/>Durch den Zugriff auf www.fidesmv.es akzeptieren Sie ausdr\u00fccklich, dass wir diese Art von Cookies auf Ihren Ger\u00e4ten verwenden k\u00f6nnen. Wenn Sie Cookies deaktivieren, ist Ihre Navigation durch www.fidesmv.es m\u00f6glicherweise nicht optimal und einige der auf www.fidesmv.es verf\u00fcgbaren Dienstprogramme funktionieren m\u00f6glicherweise nicht richtig.<\/p>\n<ol>\n<li><strong>a) Eigene Cookies<\/strong><br \/>Um Sie wiederzuerkennen und Ihnen einen besseren Service zu bieten, verwendet unsere Seite eigene Cookies (kleine Textdateien, die Ihr Browser speichert). Die Vorteile der Annahme unserer Cookies bedeuten Zeitersparnis. Ebenso k\u00f6nnen sie auch verwendet werden, um Sie zwischen aufeinanderfolgenden Besuchen wiederzuerkennen und somit die Ihnen angezeigten Inhalte anzupassen, um Informationen \u00fcber das Datum und die Uhrzeit Ihres letzten Besuchs zu erhalten, einige Verkehrsparameter innerhalb der Website selbst zu messen und die Anzahl zu sch\u00e4tzen Anzahl der Besuche, damit wir Dienstleistungen und Werbeaktionen effektiver fokussieren und anpassen k\u00f6nnen.<br \/>Kein Cookie erm\u00f6glicht es Ihnen, Ihre Telefonnummer, Ihre E-Mail-Adresse oder andere Kontaktm\u00f6glichkeiten zu kontaktieren. Kein Cookie kann Informationen von Ihrer Festplatte extrahieren oder pers\u00f6nliche Informationen stehlen.<\/li>\n<li><strong>b) Cookies von Drittanbietern. Google Analytics-Cookies<\/strong><br \/>Die Website verwendet den Dienst Google Analytics, der von Google, Inc. bereitgestellt wird, einem Unternehmen mit Hauptsitz in 1600 Amphitheatre Parkway, Mountain View (Kalifornien), CA 94043, USA (\u201eGoogle\u201c).<br \/>Google Analytics verwendet Cookies, die uns helfen zu analysieren, wie Benutzer die Website verwenden. Die durch den Cookie erzeugten Informationen \u00fcber Ihre Benutzung der Website (einschlie\u00dflich Ihrer IP-Adresse) werden direkt \u00fcbertragen an Sie \u00fcbermittelt und von Google auf seinen Servern in den USA gespeichert. Google wird diese Informationen in unserem Auftrag verwenden, um Ihre Nutzung der Website zu verfolgen, Berichte \u00fcber die Website-Aktivit\u00e4t zu erstellen und andere Dienstleistungen im Zusammenhang mit der Website-Aktivit\u00e4t und der Internetnutzung bereitzustellen. Google kann diese Informationen gegebenenfalls an Dritte \u00fcbertragen, sofern dies gesetzlich vorgeschrieben oder soweit Dritte diese Informationen im Auftrag von Google verarbeiten. Google wird Ihre IP-Adresse nicht mit anderen Daten von Google in Verbindung bringen.<br \/>Wenn Sie m\u00f6chten, k\u00f6nnen Sie die Verarbeitung von Daten oder Informationen ablehnen, indem Sie die Verwendung von Cookies ablehnen, indem Sie die entsprechenden Einstellungen in Ihrem Browser ausw\u00e4hlen. In diesem Fall k\u00f6nnen Sie jedoch m\u00f6glicherweise nicht alle Funktionen dieser Website nutzen. Durch die Nutzung dieser Website stimmen Sie der Verarbeitung Ihrer Daten durch Google in der oben angegebenen Weise und zu den oben angegebenen Zwecken zu.<br \/>Weitere Informationen unter https:\/\/www.google.es\/intl\/es\/policies\/technologies\/cookies\/.<br \/>Google hat ein Plugin entwickelt, das Sie in Ihrem Browser installieren k\u00f6nnen, wenn Sie nicht von deren Cookies verfolgt werden m\u00f6chten: https:\/\/tools.google.com\/dlpage\/gaoptout<\/li>\n<\/ol>\n<p><strong>Analytische Cookies<\/strong><br \/><strong><em>Name<\/em><\/strong><span> <\/span>Zweck<br \/><strong><em>_utma<\/em><\/strong><span> <\/span>Wird verwendet, um Benutzer und Sitzungen zu unterscheiden. Das Cookie wird erstellt, wenn die JavaScript-Bibliothek ausgef\u00fchrt wird und kein Cookie <span> <\/span><strong><em>_utma<\/em><\/strong> vorhanden ist. Das Cookie wird jedes Mal aktualisiert, wenn Daten an Google Analytics gesendet werden.<br \/><strong><em>_utmt<\/em><\/strong><span> <\/span>Wird verwendet, um den Prozentsatz der Anfragen zu begrenzen.<br \/><strong><em>_utmb<\/em><\/strong><span> <\/span>Wird verwendet, um neue Sitzungen oder Besuche zu ermitteln. Das Cookie wird erstellt, wenn die JavaScript-Bibliothek ausgef\u00fchrt wird und kein Cookie <span> <\/span><strong><em>_utmb<\/em><\/strong> vorhanden ist. Das Cookie wird jedes Mal aktualisiert, wenn Daten an Google Analytics gesendet werden.<br \/><strong><em>_utmc<\/em><\/strong><span> <\/span>Wird in ga.js nicht verwendet. Es ist f\u00fcr die Interaktion mit urchin.js konfiguriert. Zuvor fungierte dieses Cookie zusammen mit dem Cookie<span> <\/span><strong><em>_utmb<\/em><\/strong><span> <\/span> , um festzustellen, ob sich der Benutzer in einer neuen Sitzung oder einem neuen Besuch befand .<br \/><strong><em>_utmz<\/em><\/strong><span> <\/span>Speichert die Traffic-Quelle oder die Kampagne, die erkl\u00e4rt, wie der Benutzer auf die Website gelangt ist. Das Cookie wird erstellt, wenn die JavaScript-Bibliothek ausgef\u00fchrt wird, und wird jedes Mal aktualisiert, wenn Daten an Google Analytics gesendet werden.<br \/><strong><em>_utmv<\/em><\/strong><span> <\/span>Wird verwendet, um benutzerdefinierte Besuchervariablendaten zu speichern. Dieses Cookie wird erstellt, wenn ein Entwickler die Methode <span> <\/span><strong><em>_setCustomVar<\/em><\/strong><span> <\/span> mit einer benutzerdefinierten Besuchervariablen verwendet. Es wurde auch f\u00fcr die veraltete Methode <span> <\/span><strong><em>_setVar<\/em><\/strong><span> <\/span> verwendet. Das Cookie wird jedes Mal aktualisiert, wenn Daten an Google Analytics gesendet werden.<br \/><strong><em>_ga<\/em><\/strong><span> <\/span>Wird verwendet, um zwischen Benutzern und Sitzungen zu unterscheiden. Das Cookie wird beim Laden der Javascript-Bibliothek erstellt und es gibt keine vorherige Version des Cookies<strong><em><span> <\/span>_ga<\/em><\/strong>. Das Cookie wird jedes Mal aktualisiert, wenn Sie Daten an Google Analytics senden.<br \/><strong><em>_gat<\/em><\/strong><span> <\/span>Wird verwendet, um zwischen den verschiedenen in der Sitzung erstellten Tracker-Objekten zu unterscheiden. Das Cookie wird beim Laden der Javascript-Bibliothek erstellt und es gibt keine vorherige Version des Cookies <strong><em><span> <\/span>_gat<\/em><\/strong>. Das Cookie wird jedes Mal aktualisiert, wenn Sie Daten an Google Analytics senden.<\/p>\n<p><strong>Benutzerkonfiguration zur Vermeidung von Cookies<\/strong><br \/>Von www.fidesmv.es und in \u00dcbereinstimmung mit den geltenden gesetzlichen Bestimmungen stellen wir Ihnen die Informationen zur Verf\u00fcgung, die es Ihnen erm\u00f6glichen, Ihren Internetbrowser\/Ihre Browser so zu konfigurieren, dass Ihre Privatsph\u00e4re und Sicherheit in Bezug auf Cookies gewahrt bleiben. Aus diesem Grund stellen wir Ihnen Informationen und Links zu den offiziellen Supportseiten der wichtigsten Browser zur Verf\u00fcgung, damit Sie entscheiden k\u00f6nnen, ob Sie die Verwendung von Cookies akzeptieren m\u00f6chten oder nicht.<br \/>So k\u00f6nnen Sie Cookies \u00fcber die Browser-Konfigurationstools blockieren oder Ihren Browser so konfigurieren, dass er Sie benachrichtigt, wenn ein Server ein Cookie speichern m\u00f6chte:<br \/><strong>a) Wenn Sie den Microsoft Internet Explorer verwenden<\/strong>, k\u00f6nnen Sie im Men\u00fc Extras &gt; Internetoptionen &gt; Datenschutz &gt; Einstellung. Um mehr zu erfahren, besuchen Sie https:\/\/support.microsoft.com\/es-es\/help\/17442\/windows-internet-explorer-delete-manage-cookies<br \/><strong>b) Wenn Sie Firefox verwenden<\/strong>, k\u00f6nnen Sie im Men\u00fc Extras &gt; Optionen &gt; Datenschutz &gt; Kekse. Um mehr zu erfahren, besuchen Sie<br \/>https:\/\/support.mozilla.org\/es\/kb\/Disable%20cookies%20de%20thirds<br \/><strong>c) Wenn Sie Chrome verwenden<\/strong>, im Bereich Optionen &gt; Erweiterte Optionen &gt; Privatsph\u00e4re. Weitere Informationen finden Sie unter http:\/\/support.google.com\/chrome\/bi n\/answer.py?hl=es&amp;answer=95647<br \/>d) Wenn Sie Opera verwenden, k\u00f6nnen Sie in der Option Sicherheit und Datenschutz den Browser konfigurieren. Um mehr zu erfahren, besuchen Sie<br \/>http:\/\/www.opera.com\/help\/tutorials\/security\/cookies\/<br \/><strong>e) Wenn Sie Safari verwenden<\/strong>, in den Einstellungen &gt; Sicherheit oder Datenschutz k\u00f6nnen Sie den Browser konfigurieren. Um mehr zu erfahren, besuchen Sie:<br \/>hhttps:\/\/support.apple.com\/kb\/PH21411?viewlocale=es_ES&amp;locale=es_ES<br \/><strong>f) Wenn Sie Google Universal Analytics deaktivieren m\u00f6chten<\/strong>, k\u00f6nnen Sie die folgende von Google bereitgestellte Erweiterung installieren: https:\/\/tools.google.com\/dlpage\/gaoptout<\/p>\n<p>[\/et_pb_text][\/et_pb_column][\/et_pb_row][\/et_pb_section][et_pb_section fb_built=\u00bb1&#8243; _builder_version=\u00bb4.7.7&#8243; _module_preset=\u00bbdefault\u00bb background_color=\u00bb#f9f9f9&#8243; custom_padding=\u00bb20px||20px||false|false\u00bb global_module=\u00bb576&#8243; locked=\u00bboff\u00bb global_colors_info=\u00bb{}\u00bb][et_pb_row _builder_version=\u00bb4.16&#8243; _module_preset=\u00bbdefault\u00bb global_colors_info=\u00bb{}\u00bb][et_pb_column type=\u00bb4_4&#8243; _builder_version=\u00bb4.16&#8243; _module_preset=\u00bbdefault\u00bb global_colors_info=\u00bb{}\u00bb][et_pb_image src=\u00bbhttps:\/\/fidesmv.es\/wp-content\/uploads\/2021\/01\/Logo-1-e1729882188857.png\u00bb alt=\u00bbabout fides\u00bb title_text=\u00bbLogo\u00bb _builder_version=\u00bb4.27.2&#8243; _module_preset=\u00bbdefault\u00bb width=\u00bb15%\u00bb width_tablet=\u00bb\u00bb width_phone=\u00bb50%\u00bb width_last_edited=\u00bbon|phone\u00bb module_alignment=\u00bbcenter\u00bb global_colors_info=\u00bb{}\u00bb][\/et_pb_image][et_pb_text _builder_version=\u00bb4.17.6&#8243; _module_preset=\u00bb4260ecd1-9a5b-48ac-b974-f79c9d143895&#8243; text_orientation=\u00bbcenter\u00bb global_colors_info=\u00bb{}\u00bb]<\/p>\n<p><span style=\"color: #333333;\"><a href=\"mailto:contactanos@fidesmv.es\" style=\"color: #333333;\">contactanos@fidesmv.es<\/a><\/span><\/p>\n<p>[\/et_pb_text][\/et_pb_column][\/et_pb_row][\/et_pb_section][et_pb_section fb_built=\u00bb1&#8243; _builder_version=\u00bb4.16&#8243; _module_preset=\u00bbdefault\u00bb background_color=\u00bb#434343&#8243; use_background_color_gradient=\u00bbon\u00bb background_color_gradient_stops=\u00bbrgba(67,67,67,0.84) 0%|rgba(67,67,67,0.84) 100%\u00bb background_color_gradient_overlays_image=\u00bbon\u00bb background_color_gradient_start=\u00bbrgba(67,67,67,0.84)\u00bb background_color_gradient_end=\u00bbrgba(67,67,67,0.84)\u00bb background_image=\u00bbhttps:\/\/fidesmv.es\/wp-content\/uploads\/2021\/01\/Objeto-inteligente-vectorial.jpg\u00bb background_blend=\u00bbmultiply\u00bb custom_padding=\u00bb20px||19px||false|false\u00bb background_color_gradient_stops_tablet=\u00bbrgba(67,67,67,0.84) 0%|rgba(67,67,67,0.84) 100%\u00bb background_color_gradient_stops_phone=\u00bbrgba(67,67,67,0.84) 0%|rgba(67,67,67,0.84) 100%\u00bb global_module=\u00bb575&#8243; global_colors_info=\u00bb{}\u00bb][et_pb_row column_structure=\u00bb1_4,1_4,1_4,1_4&#8243; use_custom_gutter=\u00bbon\u00bb gutter_width=\u00bb1&#8243; _builder_version=\u00bb4.27.2&#8243; _module_preset=\u00bbdefault\u00bb width=\u00bb100%\u00bb max_width=\u00bb1152px\u00bb global_colors_info=\u00bb{}\u00bb][et_pb_column type=\u00bb1_4&#8243; _builder_version=\u00bb4.16&#8243; _module_preset=\u00bbdefault\u00bb global_colors_info=\u00bb{}\u00bb][et_pb_text _builder_version=\u00bb4.27.2&#8243; _module_preset=\u00bb2dadd8f8-0248-4bd9-b956-b1a9c0004a6c\u00bb text_font_size=\u00bb12px\u00bb text_orientation=\u00bbcenter\u00bb global_colors_info=\u00bb{}\u00bb]<a href=\"https:\/\/fidesmv.es\/?page_id=639&#038;lang=de\"><span style=\"color: #ffffff;\">\u00dcBER UNS<\/span><\/a>[\/et_pb_text][\/et_pb_column][et_pb_column type=\u00bb1_4&#8243; _builder_version=\u00bb4.16&#8243; _module_preset=\u00bbdefault\u00bb global_colors_info=\u00bb{}\u00bb][et_pb_text _builder_version=\u00bb4.27.2&#8243; _module_preset=\u00bb2dadd8f8-0248-4bd9-b956-b1a9c0004a6c\u00bb text_font_size=\u00bb12px\u00bb global_colors_info=\u00bb{}\u00bb]<a href=\"https:\/\/fidesmv.es\/?page_id=645&#038;lang=de\"><span style=\"color: #ffffff;\">WIRTSCHAFTSPR\u00dcFUNG<\/span><\/a>[\/et_pb_text][\/et_pb_column][et_pb_column type=\u00bb1_4&#8243; _builder_version=\u00bb4.16&#8243; _module_preset=\u00bbdefault\u00bb global_colors_info=\u00bb{}\u00bb][et_pb_text _builder_version=\u00bb4.27.2&#8243; _module_preset=\u00bb2dadd8f8-0248-4bd9-b956-b1a9c0004a6c\u00bb text_font_size=\u00bb12px\u00bb text_orientation=\u00bbcenter\u00bb locked=\u00bboff\u00bb global_colors_info=\u00bb{}\u00bb]<a href=\"https:\/\/fidesmv.es\/?page_id=658&#038;lang=de\"><span style=\"color: #ffffff;\">FORENSIK<\/span><\/a>[\/et_pb_text][\/et_pb_column][et_pb_column type=\u00bb1_4&#8243; _builder_version=\u00bb4.16&#8243; _module_preset=\u00bbdefault\u00bb global_colors_info=\u00bb{}\u00bb][et_pb_text _builder_version=\u00bb4.27.2&#8243; _module_preset=\u00bb2dadd8f8-0248-4bd9-b956-b1a9c0004a6c\u00bb text_font_size=\u00bb12px\u00bb text_orientation=\u00bbcenter\u00bb locked=\u00bboff\u00bb global_colors_info=\u00bb{}\u00bb]<a href=\"https:\/\/fidesmv.es\/?page_id=633&#038;lang=de\"><span style=\"color: #ffffff;\">KONTAKT<\/span><\/a>[\/et_pb_text][\/et_pb_column][\/et_pb_row][et_pb_row _builder_version=\u00bb4.16&#8243; _module_preset=\u00bbdefault\u00bb custom_padding=\u00bb||3px|||\u00bb global_colors_info=\u00bb{}\u00bb][et_pb_column type=\u00bb4_4&#8243; _builder_version=\u00bb4.16&#8243; _module_preset=\u00bbdefault\u00bb global_colors_info=\u00bb{}\u00bb][et_pb_text _builder_version=\u00bb4.27.2&#8243; _module_preset=\u00bb2dadd8f8-0248-4bd9-b956-b1a9c0004a6c\u00bb text_text_color=\u00bb#a3a3a3&#8243; text_font_size=\u00bb12px\u00bb link_font=\u00bb||||on||||\u00bb link_text_color=\u00bb#a3a3a3&#8243; text_orientation=\u00bbcenter\u00bb global_colors_info=\u00bb{}\u00bb]Fides 2021. Alle Rechte vorbehalten | <a href=\"https:\/\/fidesmv.es\/?page_id=691&#038;lang=de\" target=\"_blank\" rel=\"noopener noreferrer\">Rechtlicher Hinweis<\/a> | <a href=\"https:\/\/fidesmv.es\/?page_id=696&#038;lang=de\" target=\"_blank\" rel=\"noopener noreferrer\">Datenschutzrichtlinie<\/a> | <a href=\"https:\/\/fidesmv.es\/?page_id=686&#038;lang=de\" target=\"_blank\" rel=\"noopener noreferrer\">Cookie-Richtlinie<\/a> | <a href=\"https:\/\/fidesmv.es\/?page_id=752&#038;lang=de\" target=\"_blank\" rel=\"noopener noreferrer\">Qualitaetspolitik<\/a> | Entworfen von Kuombo | Entwickelt von <a href=\"https:\/\/dualtec.es\/\" target=\"_blank\" rel=\"noopener noreferrer\">Dualtec<\/a>[\/et_pb_text][\/et_pb_column][\/et_pb_row][\/et_pb_section]<\/p>\n","protected":false},"excerpt":{"rendered":"<p>Cookie-Richtlinie &nbsp; Bestimmungen zur Verwendung von CookiesDiese Cookie-Richtlinie ist ein integraler Bestandteil der rechtlichen Hinweise und der Datenschutzrichtlinie von FIDES AUDIT ASSURANCE, S.L. Der Zugriff und die Navigation auf der Website oder die Nutzung ihrer Dienste setzen die Annahme der in unseren rechtlichen Hinweisen festgelegten Allgemeinen Bedingungen (und damit der Datenschutzrichtlinie und der Cookie-Richtlinie) voraus. [&hellip;]<\/p>\n","protected":false},"author":1,"featured_media":0,"parent":0,"menu_order":0,"comment_status":"closed","ping_status":"closed","template":"","meta":{"_et_pb_use_builder":"on","_et_pb_old_content":"","_et_gb_content_width":"","footnotes":""},"class_list":["post-686","page","type-page","status-publish","hentry"],"lang":"de","translations":{"de":686,"en":559,"es":346,"fr":670},"pll_sync_post":[],"_links":{"self":[{"href":"https:\/\/fidesmv.es\/index.php?rest_route=\/wp\/v2\/pages\/686","targetHints":{"allow":["GET"]}}],"collection":[{"href":"https:\/\/fidesmv.es\/index.php?rest_route=\/wp\/v2\/pages"}],"about":[{"href":"https:\/\/fidesmv.es\/index.php?rest_route=\/wp\/v2\/types\/page"}],"author":[{"embeddable":true,"href":"https:\/\/fidesmv.es\/index.php?rest_route=\/wp\/v2\/users\/1"}],"replies":[{"embeddable":true,"href":"https:\/\/fidesmv.es\/index.php?rest_route=%2Fwp%2Fv2%2Fcomments&post=686"}],"version-history":[{"count":3,"href":"https:\/\/fidesmv.es\/index.php?rest_route=\/wp\/v2\/pages\/686\/revisions"}],"predecessor-version":[{"id":1358,"href":"https:\/\/fidesmv.es\/index.php?rest_route=\/wp\/v2\/pages\/686\/revisions\/1358"}],"wp:attachment":[{"href":"https:\/\/fidesmv.es\/index.php?rest_route=%2Fwp%2Fv2%2Fmedia&parent=686"}],"curies":[{"name":"wp","href":"https:\/\/api.w.org\/{rel}","templated":true}]}}